c(0). Let o = 43 + n. What is the tens digit of o?
1
Suppose 9*y + 510 = 13101. What is the units digit of y?
9
Suppose 5*p - 21 + 121 = 0. Let r = -11 - p. What is the units digit of r?
9
Let s = 12 + -9. Suppose -4*h - 3*p + 21 = 0, -2*h - p + 40 = s*h. Suppose -89 + h = -4*n. What is the tens digit of n?
2
Suppose 0*k - 2*k = 4*n - 42, -4*k + 12 = -n. Let d be (-4)/n*0 - 2. Let u = d + 35. What is the units digit of u?
3
Suppose -12*u = -14*u - 4*x + 482, -u - 5*x = -256. What is the tens digit of u?
3
Let a = 39 - 70. Let s = a + 65. What is the tens digit of s?
3
Let g(u) = 2*u - 19. Let s be g(12). What is the tens digit of (-12*s)/(-3) + 3?
2
Let t(v) = -v + 1. Let w be t(0). Suppose n - 34 = s, n = 2*n + w. Let l = s + 64. What is the tens digit of l?
2
What is the hundreds digit of -35 + 403 - -4*1?
3
Suppose 13843 = 5*z - 4472. What is the hundreds digit of z?
6
Let z = 32 - 14. Let g = 20 - z. Suppose -4*r + 146 = -g*r. What is the units digit of r?
3
Let i = 7723 - 5230. What is the units digit of i?
3
Let r(t) = -t**3 - t**2 - t - 1. Let i(s) = -5*s**3 - 20*s**2 - 3. Let p(o) = -i(o) + 6*r(o). What is the tens digit of p(13)?
8
Suppose -2*a = -2*k - 2*k + 2010, -3*k - a + 1495 = 0. What is the hundreds digit of k?
5
Let p(n) = -37*n**3 - n**2 - n - 1. Let v be 10/(-20)*(-2)/(-1). Let h be p(v). Suppose -u + 2*u - h = 0. What is the units digit of u?
6
Let q = -4 + 3. Let m be (q + 1)*(-4)/(-12). Suppose x = d - 4*x + 7, 5*d + 2*x - 46 = m. What is the units digit of d?
8
Suppose 0*o - 921 = -5*o + 3*h, -3*o - h = -547. What is the tens digit of o?
8
Suppose -3*q = 2*q + 65. Let u = 58 + q. Suppose u + 4 = 7*o. What is the units digit of o?
7
Let s(w) = 859*w + 25. What is the units digit of s(2)?
3
Suppose -4*k = -4, -4*b - 16 = -k - 3*k. Let c = 181 + -197. What is the units digit of b/2 - 440/c?
6
Suppose 0 = -5*l - 4*v + 18180, -9*v = -4*l - 4*v + 14503. What is the units digit of l?
2
Let c(m) = m**3 - m - 3. Let o be c(3). Let l be (11/(-6))/(-4 + (-69)/(-18)). Let y = o - l. What is the units digit of y?
0
Let y = 62 - -94. Suppose 63 + y = g. What is the tens digit of g?
1
Let q be 203/(-63) - (-4)/18. Let v(c) = -7*c. What is the units digit of v(q)?
1
Suppose -5*t - d - 2136 = -21629, -t = 5*d - 3889. What is the tens digit of t?
9
Let u(b) = 2*b**2 + 2*b - 135. What is the units digit of u(-27)?
9
Suppose -4*g + 332 = -4*d, d + 3*d + 314 = -5*g. What is the tens digit of (d/(-12))/((-1)/(12/(-3)))?
2
Suppose 0 = 2*z + 2*s - 718, 3*z + 5*s = 1306 - 225. Let l = -241 + z. What is the units digit of l?
6
Let d = -40 + 94. Suppose 3*z + d + 24 = 0. Let q = z - -97. What is the units digit of q?
1
Suppose 0 = -y + 5*p + 1056, -15*y + 3*p = -14*y - 1058. What is the hundreds digit of y?
0
Let o(g) = 43*g**2 + 89*g - 5. What is the tens digit of o(-5)?
2
Suppose 23*t = 20*t + 66. Suppose 0 = 2*w - 12 - t. What is the units digit of w?
7
Let x = 1793 + -909. What is the tens digit of x?
8
Let k = 430 + 321. What is the tens digit of k?
5
What is the thousands digit of (-2299)/(-1) + (2 - -4) + -4?
2
Suppose 4*b - 369 = -4*v + 255, 0 = 3*v - b - 480. What is the tens digit of v?
5
Suppose 7 = -5*j + 972. What is the hundreds digit of j?
1
Suppose -15*x + 7090 = -5*x. Suppose 6*f - 41 = x. What is the hundreds digit of f?
1
Suppose -k + 180 = 4*k. Let v = k - 16. What is the tens digit of v?
2
Let t be (-8)/6*(-6)/(-4). What is the units digit of (-8)/2*-142*t/(-16)?
1
Let g be 20/8*(-56)/(-10). Suppose -3*o - o = -2*h + 46, 80 = -5*o - 5*h. Let x = o + g. What is the units digit of x?
1
Let s(f) = -f**2 - f - 11. Let n(q) = 1. Let t(j) = -j**2 + 10*j - 11. Let l be t(8). Let i(w) = l*n(w) - s(w). What is the units digit of i(0)?
6
Suppose -4 = 2*b, -2*o - 5*b + 687 = -2861. What is the units digit of o?
9
Suppose -13*k = 2*k - 4170. What is the tens digit of k?
7
Let b be 4*(-3)/6 + 32. Let z = -23 + b. What is the units digit of z?
7
Let d = 74 + -144. Let n = d - -198. What is the hundreds digit of n?
1
Let r(k) = -5*k**2 + 4*k. Let u be r(3). Let g = u + 42. What is the units digit of g?
9
Suppose -g = 3*o + 28 - 135, -20 = 5*g. What is the tens digit of o?
3
Let j(o) = 4*o**2 - 13*o + 257. What is the hundreds digit of j(30)?
4
Let s(t) = t**3 + 139. Let w be s(0). Suppose -3*y - w = 65. Let c = 11 - y. What is the tens digit of c?
7
Let g(k) be the second derivative of -k**3/6 + 6*k**2 + 6*k. Let s be g(6). What is the units digit of (-3)/s - (-89)/2?
4
Suppose -17*f + 16905 = 6*f. What is the units digit of f?
5
Suppose 0 = -4*p + 3*p - 12. Let b = p + 14. Suppose -b*w + 0 = 2*k - 26, 0 = 2*w + k - 31. What is the tens digit of w?
1
Let g = -572 - -301. Let d = g + 177. Let u = d + 137. What is the tens digit of u?
4
Suppose 2*p - 10 = 2*m, -5*m - 3*p - 5 = -20. Suppose -5*c + g + m*g + 480 = 0, -470 = -5*c - g. What is the units digit of c?
5
Let b = 51 - 48. Suppose 0*i - 381 = -b*i. What is the units digit of i?
7
Let f be 30/9*192/20. Suppose 0 = -2*h - 2*h + f. Suppose -h*d + 20 = -4*d. What is the units digit of d?
5
Let s(v) = v**2 + v + 1. Let f be s(-1). Let q = 123 + -119. Let k = q + f. What is the units digit of k?
5
Let o(f) = 8*f**2 - 17*f + 13. What is the hundreds digit of o(-6)?
4
Let c = 6 - 11. Let q = -8 - c. Let x(o) = o**2 + 2*o - 1. What is the units digit of x(q)?
2
Suppose 0 = -5*i + 5*d - 360, 5*i + 3*d + 400 = -0*d. Let w = -54 - i. What is the tens digit of w?
2
Let m = -384 - -1673. What is the tens digit of m?
8
Let z be 0 + (310/(-5))/1. Let p = 58 - z. What is the hundreds digit of p?
1
Let j(k) be the third derivative of k**6/120 + 13*k**5/60 - 13*k**4/24 - 19*k**3/6 + 48*k**2. What is the units digit of j(-12)?
1
Suppose -4*g + 14012 = -s, 5*g - 6394 = 5*s + 11136. What is the units digit of g?
2
Suppose -15 + 90 = 5*i. Suppose -2*s - s - i = 0, 2*v - s - 9 = 0. Suppose -v*d = d - 51. What is the units digit of d?
7
Let l be 798/54 - 2/(-9). Suppose -l = -4*z + 3*z. What is the units digit of z?
5
Let w = 280 - 137. What is the tens digit of w?
4
Suppose f - 3*x + 6 = 0, 4 = -2*f - 2*f + 2*x. What is the tens digit of ((f - 29) + 2)/(-1)?
2
Let s = -195 + 229. What is the tens digit of s?
3
Let h = -25 + 29. Suppose 47 = h*c + 5*m - 21, 0 = c - 2*m - 17. What is the tens digit of c?
1
Suppose 31*d - 15*d - 27520 = 0. What is the units digit of d?
0
Suppose a = -p - 44, 3*p - 6*p - 4*a = 134. Let h = 89 + p. What is the units digit of h?
7
Let r(s) = 2*s**3 - 9*s**2 + s + 6. Let w(k) = -3*k**3 + 10*k**2 - 2*k - 7. Let z(y) = -4*r(y) - 3*w(y). What is the units digit of z(-5)?
2
Suppose 2*i + 19 = -i + 5*l, i + 5*l = 27. Suppose -i*p + 812 = 5*p. What is the hundreds digit of p?
1
Let d = -7 + 2. Let p(o) = 2*o**2 + 11*o - 2. Let c be p(d). What is the units digit of c/(84/16)*-3?
4
Let v be 2*-1 + (-104)/8. Let k be (10/(-15))/((-2)/v). What is the units digit of k - (-2)/1 - -33?
0
Let m be -2*((1 - 1) + -1). Suppose 4*w = m*w + 34. Suppose -5*k + w = -98. What is the tens digit of k?
2
Let n(g) be the first derivative of -g**4/4 - 5*g**3/3 - 3*g**2 - 4*g - 4. Let z be n(-5). Let j = z - -15. What is the tens digit of j?
4
Suppose -2 + 4 = h. Suppose -h*s + 107 + 13 = 0. Let m = s + -31. What is the tens digit of m?
2
Suppose 2*h - 2 - 2 = 0. Suppose -3*i - 2*x + 53 = -171, -4*i = -h*x - 322. Suppose -3*d = -39 - i. What is the tens digit of d?
3
Let n be (-42)/(-273) + (-108)/26. Let w(j) = j**3 + 3*j**2 - 6*j - 4. Let x be w(n). What is the units digit of 78*(x + 10/(-3))?
2
Let p(t) be the second derivative of 0 - t - t**4 - 13/2*t**2 + 1/20*t**5 + 7/3*t**3. What is the tens digit of p(11)?
2
What is the thousands digit of (13 - 16)*(-15882)/18?
2
Let u(s) = s + 2. Let g(q) = -q**2 - 8*q - 8. Let z be g(-8). Let v be u(z). Let a = 32 - v. What is the tens digit of a?
3
Let c = -2147 + 4822. What is the hundreds digit of c?
6
Suppose 0 = -2*h + 33 + 59. Suppose 2*k - 3*w - 46 = -0, 3*w = -2*k + h. What is the tens digit of k?
2
Let b(z) = -z - 5. Let g be b(9). Let u be ((-8)/g)/((-2)/(-14)). What is the tens digit of (u/(-2))/(6/(-66))?
2
Let z(j) = j. Let s be z(15). Let l = -12 + s. What is the units digit of (0 + 3 - l) + 3?
3
Let z(j) = -2*j**2 + 39*j - 16. Let f be z(19). Suppo